{"id":6,"date":"2016-05-17T16:54:36","date_gmt":"2016-05-17T15:54:36","guid":{"rendered":"https:\/\/www.transportdelisle.com\/?page_id=6"},"modified":"2023-12-04T10:23:14","modified_gmt":"2023-12-04T09:23:14","slug":"demenageur","status":"publish","type":"page","link":"https:\/\/www.transportdelisle.com\/","title":{"rendered":"Transport delis le D\u00e9m\u00e9nageur \u00e0 Nantes"},"content":{"rendered":"\n<h2 class=\"wp-block-heading\">Les d\u00e9m\u00e9nageurs professionnels<\/h2>\n\n\n\n<p>Un <a href=\"https:\/\/www.demenageur.com\/devis-demenagement\/\">devis de d\u00e9m\u00e9nagement gratuit<\/a> aide de nombreuses personnes \u00e0 \u00e9valuer la d\u00e9pense qu\u2019elles doivent contracter lors d\u2019un changement d\u2019adresse.<\/p>\n\n\n\n<p>La personne a le choix entre les \u00e9tablissements qu\u2019elle veut contacter. Sans aucun engagement, l\u2019obtention d\u2019un devis gratuit peut \u00eatre propos\u00e9e. Apr\u00e8s une descente sur terrain des commerciaux de l&rsquo;entreprise, il est possible d\u2019avoir un devis personnalis\u00e9 conforme aux biens mobiliers de la demande. Un \u00e9v\u00e8nement difficile pour tous les membres de la famille, le fait de d\u00e9m\u00e9nager stresse de plus en plus la personne \u00e0 cause des diff\u00e9rents travaux qu\u2019il est n\u00e9cessaire d\u2019ex\u00e9cuter. Respecter toutes les proc\u00e9dures requiert beaucoup de temps que chacun n\u2019a pas forc\u00e9ment. Avant de pouvoir s\u2019installer dans le nouveau logement, la personne doit trier, emballer, transporter les diff\u00e9rents biens mobiliers et bien d\u2019autres encore. Toute une liste de devoir \u00e0 faire perturbe une personne sur qui a un emploi de temps charg\u00e9. Avant de vraiment proc\u00e9der au d\u00e9m\u00e9nagement, il est pr\u00e9f\u00e9rable de jeter les objets qui encombrent davantage le d\u00e9placement. D\u00e8s que la date du d\u00e9part est fix\u00e9e, pour que le d\u00e9m\u00e9nagement se fasse en ordre, le mieux est de se d\u00e9barrasser au maximum des affaires inutiles, c\u2019est le moment id\u00e9al. Pour avoir un nouveau d\u00e9part, ce fait permet \u00e0 la personne de ne pas perdre du temps \u00e0 mettre en cartons demenagement es choses qu\u2019elle ne veut plus garder. Pour le plus grand confort de ces personnes, heureusement, il existe des entreprises de d\u00e9m\u00e9nagement qui offrent des services complets pour sa client\u00e8le. C\u2019est sur ce point qu\u2019il est pr\u00e9f\u00e9rable de savoir les qualit\u00e9s et les d\u00e9fauts des d\u00e9m\u00e9nageurs professionnels.<\/p>\n\n\n\n<h2 class=\"wp-block-heading\">Les m\u00e9rites des entreprises de d\u00e9m\u00e9nagement<\/h2>\n\n\n\n<p>Dans certains cas, il est possible qu\u2019une personne n\u2019ait ni le temps, ni le courage de faire elle-m\u00eame son propre d\u00e9m\u00e9nagement. La solution est de trouver le budget n\u00e9cessaire pour solliciter la main d\u2019\u0153uvre des professionnels du d\u00e9m\u00e9nagement. Apr\u00e8s une longue comparaison, la personne peut enfin choisir l\u2019entreprise qui r\u00e9pond au maximum ces d\u00e9sirs. Il est n\u00e9cessaire de savoir les diff\u00e9rentes prestations qui varient. Les offres sont souvent avantag\u00e9es par de nombreux conforts qui permettent \u00e0 la personne de profiter de ce moment pour all\u00e9ger la t\u00e2che sur les besoins, le budget et la disponibilit\u00e9. En g\u00e9n\u00e9ral, les services sont faits sur mesure gr\u00e2ce \u00e0 la demande des client\u00e8les des entreprises de d\u00e9m\u00e9nagement. Pendant le changement d\u2019adresse, la personne doit rester r\u00e9aliste sur les priorit\u00e9s et les disponibilit\u00e9s. En voulant faire des \u00e9conomies, certains ne savent pas les difficult\u00e9s du d\u00e9m\u00e9nagement et tr\u00e8s souvent ils regrettent leur choix de ne pas avoir fait appel \u00e0 des professionnels. La s\u00e9curit\u00e9 est n\u00e9cessaire pour d\u00e9m\u00e9nager et aussi pour avoir un meilleur travail sans probl\u00e8me. Avec une compagnie sp\u00e9cialis\u00e9e, la personne fait une \u00e9conomie de temps et d\u2019\u00e9nergie. Le reste qu\u2019elle doit faire est de superviser le bon fonctionnement sans mettre la main \u00e0 la p\u00e2te. Ce sont les d\u00e9m\u00e9nageurs qui se pr\u00e9occupent des travaux avec leurs mat\u00e9riels en tout genre. Certains clients pr\u00e9cisent que les avantages offerts sont illimit\u00e9s, car ils b\u00e9n\u00e9ficient aussi d\u2019une assurance sur ses biens mobiliers.<\/p>\n\n\n\n<h2 class=\"wp-block-heading\">Les difficult\u00e9s sur le service des d\u00e9m\u00e9nageurs professionnels<\/h2>\n\n\n\n<p>En g\u00e9n\u00e9ral, la personne se pose la question de savoir choisir entre un d\u00e9m\u00e9nageur professionnel ou l\u2019aide des proches. La logique est que chacun veut faire le plus d\u2019\u00e9conomie possible dans l\u2019aventure du d\u00e9m\u00e9nagement. Sans aucun engagement de la part d\u2019une personne, elle peut faire une demande de devis avec les entreprises si les offres rentrent ou pas dans son budget. Des personnes sont m\u00e9fiantes vis-\u00e0-vis des diff\u00e9rents services que ces professionnels offrent. Elles trouvent parfois que cela ne rentre pas dans la logique et s\u2019interrogent sur ces avantages all\u00e9chants. Par peur de se faire duper, la personne craint de se voiler la face et de perdre encore plus d\u2019argent. Le consommateur a peur que la compagnie de d\u00e9m\u00e9nagement envoie des d\u00e9m\u00e9nageurs qui ne sont pas d\u00e9licats et minutieux avec les biens mobiliers. Mal interpr\u00e9t\u00e9, le service des professionnels payer par tranche d\u2019heure inqui\u00e8te la personne sur leur efficacit\u00e9. Stresser par le mouvement en une seule journ\u00e9e, le client de l\u2019entreprise trouve leur enthousiasme alarmant. Quoi qu&rsquo;il en soit, le fait de changer d\u2019adresse perturbe toutes les personnes touch\u00e9es. C\u2019est dans ce moment qu\u2019il est primordial de savoir que le r\u00f4le principal des experts du d\u00e9m\u00e9nagement est de rassurer les demandes des consommateurs.<\/p>\n","protected":false},"excerpt":{"rendered":"<p>Les d\u00e9m\u00e9nageurs professionnels Un devis de d\u00e9m\u00e9nagement gratuit aide de nombreuses personnes \u00e0 \u00e9valuer la d\u00e9pense qu\u2019elles doivent contracter lors d\u2019un changement d\u2019adresse. La personne a le choix entre les \u00e9tablissements qu\u2019elle veut contacter. Sans aucun engagement, l\u2019obtention d\u2019un devis gratuit peut \u00eatre propos\u00e9e. Apr\u00e8s une descente sur terrain des commerciaux de l&rsquo;entreprise, il est &hellip; <a href=\"https:\/\/www.transportdelisle.com\/\" class=\"more-link\">Continuer la lecture<span class=\"screen-reader-text\"> de &laquo;&nbsp;Transport delis le D\u00e9m\u00e9nageur \u00e0 Nantes&nbsp;&raquo;<\/span><\/a><\/p>\n","protected":false},"author":1,"featured_media":0,"parent":0,"menu_order":0,"comment_status":"closed","ping_status":"closed","template":"","meta":{"_seopress_robots_primary_cat":"","_seopress_titles_title":"","_seopress_titles_desc":"","_seopress_robots_index":"","footnotes":""},"class_list":["post-6","page","type-page","status-publish","hentry"],"_links":{"self":[{"href":"https:\/\/www.transportdelisle.com\/index.php\/wp-json\/wp\/v2\/pages\/6","targetHints":{"allow":["GET"]}}],"collection":[{"href":"https:\/\/www.transportdelisle.com\/index.php\/wp-json\/wp\/v2\/pages"}],"about":[{"href":"https:\/\/www.transportdelisle.com\/index.php\/wp-json\/wp\/v2\/types\/page"}],"author":[{"embeddable":true,"href":"https:\/\/www.transportdelisle.com\/index.php\/wp-json\/wp\/v2\/users\/1"}],"replies":[{"embeddable":true,"href":"https:\/\/www.transportdelisle.com\/index.php\/wp-json\/wp\/v2\/comments?post=6"}],"version-history":[{"count":7,"href":"https:\/\/www.transportdelisle.com\/index.php\/wp-json\/wp\/v2\/pages\/6\/revisions"}],"predecessor-version":[{"id":18,"href":"https:\/\/www.transportdelisle.com\/index.php\/wp-json\/wp\/v2\/pages\/6\/revisions\/18"}],"wp:attachment":[{"href":"https:\/\/www.transportdelisle.com\/index.php\/wp-json\/wp\/v2\/media?parent=6"}],"curies":[{"name":"wp","href":"https:\/\/api.w.org\/{rel}","templated":true}]}}